
True
Suppose 0 + 2 = r. Suppose -r*z - 2*x = 3*z - 1043, 5*z + 3*x = 1042. Is z composite?
True
Let i = -4 + 9. Suppose -p + f + 239 = 5*f, 2*f = -i*p + 1123. Is p composite?
False
Let a = 1 + 1. Let o = a + 1. Suppose 0 = -0*s + o*s - 105. Is s composite?
True
Let p(s) = -s**2 + 9*s + 9. Let l be p(10). Is l + 2 + -1 - -211 a composite number?
False
Let t = 4 - 1. Suppose -t*k - 2*u = -k - 392, 2*k = -3*u + 389. Is k prime?
True
Suppose 0*s - s - 39 = -c, -3*c + 101 = s. Let h(z) = -z**2 + 3*z + 4. Let t be h(3). Suppose -4*r = t*w - 44, -w = -5*r + 4*w + c. Is r a composite number?
True
Let c = -4 + 6. Suppose -2*x - 2*x + c*g + 332 = 0, 0 = 3*x - 5*g - 235. Is x prime?
False
Let i(q) = -q**3 + 235*q**2 - 3 - 243*q**2 - 1 + 4*q**3 + 4*q. Is i(5) composite?
False
Suppose -2*r = -101 - 109. Let d = r + 40. Is d a prime number?
False
Let i(n) = n**2 + 6*n - 5. Let w be i(6). Let d = 288 - w. Is d a composite number?
True
Let a = -128 - -447. Is a a composite number?
True
Is (2836/8)/((-2)/(-4)) composite?
False
Let c(x) = -8*x + 7. Let z be c(3). Let v = z + 32. Is v prime?
False
Let f(d) = d**3 + 8*d**2 + 7*d - 7. Suppose 1 = z + 5*j, z + 0 = j + 7. Let c be 4/z - (-40)/(-6). Is f(c) a prime number?
True
Suppose 0 = 5*d - 4*j - 0*j + 759, -5*j = 20. Let m be (-12)/(-48) + (-9)/4. Is d/(-3) - m/(-3) composite?
True
Let m(w) be the first derivative of 3*w**2/2 - w - 2. Let z be m(1). Suppose 0 = 3*q - z*q - 109. Is q a composite number?
False
Suppose 0*n = -4*n. Let f be 0 + 6/2 + n. Suppose 5*z + 4*m - 207 = 200, -f*z - 2*m + 243 = 0. Is z composite?
False
Let t(g) = -34*g + 10. Let m be t(-7). Suppose -5*i - 538 - 52 = 5*f, m = -2*i + f. Let o = -87 - i. Is o a prime number?
False
Let h = 1 + 2. Suppose -h*x = f - 142, 2*x + 0*x + 4*f - 108 = 0. Is x prime?
False
Let s(b) be the second derivative of 19*b**3/2 + b**2/2 - 2*b. Is s(1) composite?
True
Suppose 2*y - 15 = -3*y. Suppose a = 4*k - 191, -k = -y*k + 5*a + 73. Is k prime?
False
Is (-3004)/(-4) + (-10)/5 prime?
False
Let r(b) = -6*b + 3. Let s be r(-3). Let i = -8 + s. Is i composite?
False
Suppose 5*w + 340 = -0*w. Is w/(-6) + (-4)/12 prime?
True
Let t be (1 - (6 + 1))/(-1). Let g = t - -31. Is g prime?
True
Let s = 74 - -3. Is s a composite number?
True
Let m be ((-3)/(-6))/(1/(-44)). Let h be -8*(2 + m/8). Is 4/6 + 20/h a composite number?
True
Suppose 5*f - 2*m - 3 = 0, 5*f + 4*m - 7 = 2. Let a be -5 + (1 - 0)/f. Let s = a - -59. Is s a composite number?
True
Is (-6)/48 + 6713/8 a composite number?
False
Suppose 5*m - 3*m - 16 = 0. Suppose 0 = -m*f + 7*f + 329. Is f a prime number?
False
Let k(h) = -h**2 + 26*h - 5. Is k(12) a prime number?
True
Let f(a) = 29*a**3 + 2*a**2 - 4*a + 10. Is f(3) a composite number?
True
Suppose -j = -12*j + 8481. Is j a prime number?
False
Let j = 69 - -794. Is j prime?
True
Let i = 233 + -140. Is i composite?
True
Suppose 5*v + 14 - 1917 = -4*b, 5*b = 2*v - 748. Is v composite?
False
Let c(s) = s + 5. Let t be c(-5). Suppose 3*y - 2*y - 281 = -3*r, t = 5*r - 2*y - 472. Suppose r = o - l, l + l = -10. Is o a composite number?
False
Let x(o) = -9*o**3 - 5*o**2 + 4*o + 1. Let t be x(-4). Suppose 0 = 5*y + 2*s + s - 10, 20 = -4*s. Suppose y*j = t + 124. Is j prime?
False
Let b = 82 - -132. Suppose 0*k + k + 3*r - b = 0, 2*k + 3*r = 413. Is k a composite number?
False
Suppose -13*x - 3164 = -17*x. Is x prime?
False
Let c(n) = -2*n**3 + n + 53. Is c(0) prime?
True
Suppose 0 = 4*b + g + 2*g - 3243, 0 = -3*b + 5*g + 2396. Is b prime?
False
Let f(g) = 15*g**2 - 53*g - 11. Is f(-14) a prime number?
True
Suppose 39 = 3*g - 0*i - 3*i, -i = 4*g - 47. Suppose -5*h - 2*x + 105 = 19, 0 = -4*x + g. Is h + (-2 + 5)/(-3) a composite number?
True
Let b be (2*19)/2 + 0. Let x = -30 + b. Let p = 20 - x. Is p prime?
True
Suppose -3 = -2*k + 2*r - 15, -42 = 5*k - r. Let o(a) = a**3 + 10*a**2 + 7*a + 1. Is o(k) prime?
True
Is 252 + (0/2 - -2) a composite number?
True
Suppose 0*w + 72 = -4*w. Is (w/(-15))/((-2)/(-35)) composite?
True
Suppose 0 = -f - f + 3*z + 13, -15 = 3*z. Suppose -3*k + 29 = -4*w + 2*w, w - 35 = -4*k. Let n = k - f. Is n composite?
True
Suppose 5*m + 1600 = 3*v + v, -5*v - 1555 = 5*m. Is (-15)/10*m/6 a composite number?
False
Suppose 0 = -5*z + 2*z + 15, 2*u + 15 = 5*z. Let j = 137 + -67. Suppose j = 3*d - 5*o - 25, d - u*o = 25. Is d a prime number?
False
Suppose 5*u = 2567 + 798. Is u prime?
True
Let s be 1178/2 - (2 - 0). Let q = s + -384. Is q composite?
True
Suppose 2*v - 6479 = -5*l, 3*l + 4*v = 4*l - 1309. Is l composite?
False
Let x = 11964 + -8057. Is x composite?
False
Let g(a) = 2*a + 3. Let o be g(-3). Let l be 2*o/12*-6. Suppose -3*d = 2*h - 3*h + 7, 0 = -l*d. Is h prime?
True
Let s(c) = c**3 + c + 155. Let i(p) = p**2 + 2*p. Let n be i(-2). Let f be s(n). Suppose 3*b + 2*b = f. Is b a prime number?
True
Suppose -3 = 2*c - 1. Is c/2*(-1264)/8 prime?
True
Suppose -2*o + 4 = -0*o. Is o/4 + (-171)/(-2) a prime number?
False
Suppose 0 = -2*j + j + 6. Let t(y) = 22*y - 5. Is t(j) a prime number?
True
Let y(b) = -5*b**3 - 4*b**2 + 7*b - 7. Let w(s) = -11*s**3 - 9*s**2 + 15*s - 15. Let j(o) = 4*w(o) - 9*y(o). Let x be j(-5). Let d = 172 + x. Is d prime?
False
Is ((-83)/(-3))/(((-16)/102)/(-8)) a composite number?
True
Suppose c = -2*c, 0 = 2*s - 4*c - 358. Is s composite?
False
Let g = -121 + 278. Is g prime?
True
Suppose 0 = -2*l - o + 4 - 14, 0 = 4*l + 3*o + 18. Is (l - -4)*-5 + 3 composite?
False
Suppose -2*f = -5*g + 439, f + 458 - 16 = 5*g. Is g composite?
False
Suppose 5*f = 3*f. Suppose -a + f*a = -46. Is a a prime number?
False
Is (-2)/(0 + (-8)/1516) a composite number?
False
Suppose -25 = -2*v - 3*v. Suppose 3*l = 2*l - v*s + 57, -2*l - 4*s = -90. Is l a prime number?
True
Suppose 60 = 5*n + 5*b, -2*n - b = 2*b - 26. Let r(s) = s**2 - 7. Is r(n) composite?
True
Let d be 1/((3/(-3))/(-149)). Suppose -x = -0*x - d. Is x composite?
False
Suppose 6*u = -0*u + 24. Suppose n = 2*x + 34 + 21, -u*x - 275 = -5*n. Is n composite?
True
Let z be (-758)/(-10) + 10/50. Suppose 0 = -u + 87 + z. Is u a prime number?
True
Suppose 2*i + 4*u - 2254 = 2234, -2*i - u = -4479. Is (i/24)/(1/4) a composite number?
False
Suppose 0 = 5*v + 2*k - 573, -2*k - 4 = 2*k. Is v prime?
False
Let q(z) = 3*z**2 + 4*z + 6. Let y(h) = -14*h**2 - 21*h - 31. Let g(v) = 11*q(v) + 2*y(v). Is g(7) a prime number?
True
Let x be 28*-2*(-6)/(-12). Let r = 67 + x. Is r a composite number?
True
Suppose 0 = -2*v + 4*v - 66. Suppose -v = -4*f + f. Is f a composite number?
False
Suppose 2*i = i + 12. Let v be (21/2)/((-1)/(-2)). Let p = v + i. Is p a composite number?
True
Suppose -3*f + 4 = -f. Let a = f - 1. Is a*13*(-1 - -2) a prime number?
True
Let r = 934 + -393. Is r a prime number?
True
Let x(c) = c**3 - c**2 - 5*c - 1. Is x(6) a composite number?
False
Let r = 7692 - 5023. Is r a prime number?
False
Let v(x) = 2*x**3 + 4*x**2 - 2*x + 7. Is v(5) a composite number?
False
Let b be (-10 + 20)*(-2)/(-4). Suppose -3*q + 519 = -4*z - 946, -b*q + z + 2436 = 0. Is q a prime number?
True
Let v = -11 - -6. Let x(q) = 3*q + 0*q + 1143*q**2 - 7 - 1140*q**2. Is x(v) a composite number?
False
Suppose -13 = x - 3*o - 104, 4*o = -x + 63. Let s = x - 42. Is s a prime number?
True
Let j = -236 + 132. Let h = 184 + j. Let n = -45 + h. Is n a composite number?
True
Let j = 4 - 4. Is 5*(-3 + (10 - j)) composite?
True
Let j = 39 + -58. Is j*((-2)/1 - -1) prime?
True
Suppose -2*b - 525 = -1939. Is b a prime number?
False
Suppose 0 = -161*n + 165*n - 5876. Is n a composite number?
True
Suppose 0 = -5*c + 1495 - 540. Is c composite?
False
Suppose 0*q - 5*q = 3*m - 2027, -687 = -m + 4*q. Is m a prime number?
False
Suppose 0 = 24*n - 23*n - 1069. Is n a composite number?
False
Suppose 0 = x + 3 - 2. Is x/(2/4) - -16 a prime number?
False
Let n(a) = -16*a + 9. Is n(-14) a composite number?
False
Is 6888/60 - (-2)/(-10)*-1 composite?
True
Let p(k) = -k**3 + 16*k**2 + 16*k + 15. Is p(16) a prime number?
True
Suppose 5*z - 3*t + 91 = -100, 0 = 4*z - 4*t + 148. Let w = 59 + z. Is w composite?
False
Let k = 35 - 21. Suppose 4*g = 2*o + k, 0 - 15 = -3*o. Suppose 2*l + 0*l - 142 = -4*n, 2*l = -g. Is n a prime number?
True
Let d(q) = 6 + 4 - 2 + 7 - 11*q + 3*q**2. Is d(10) a prime number?
False
Let d(b) = 2*b**2 -